. Suppose 10*i - 626 + 6 = g. List the prime factors of i.
2, 31
Let l(o) = -o + 37. Let f be l(4). Let a = 61 - f. Suppose -34*c + 1212 = -a*c. List the prime factors of c.
2, 101
What are the prime factors of (66469/52)/(10/40)?
5113
Let b(s) = 17 + 2*s**2 + 2*s - s + s + 11*s. Let q(a) = -10*a**2 - 64*a - 86. Let t(x) = -14*b(x) - 3*q(x). What are the prime factors of t(-9)?
2, 23
Let n(m) = 19*m**2 + 12*m - 5. Let s(v) = -6*v**2 - 4*v + 2. Let q(k) = 3*n(k) + 8*s(k). List the prime factors of q(1).
2, 7
Let p = 111 + -107. Suppose w - 5*x - 195 = 0, -x = -6*w + p*w + 345. List the prime factors of w.
2, 5, 17
Let f(s) = s**3 - 5*s**2 + s - 37. Let r be f(6). Suppose -18*c + r*c + 12662 = 0. List the prime factors of c.
2, 487
Let l(n) = n**3 + 3*n**2 - 3*n + 1. Let g be l(-4). Let v be 2/15 + g*4/90. Suppose v = -y - y, 4*w - 364 = y. What are the prime factors of w?
7, 13
Suppose 2*a - 4*d - 52 = 0, d = 3*a - 23 - 45. Let x(l) = -4*l + a - 6 + l**2 + l + 5. List the prime factors of x(11).
109
Let k(f) = -141*f + 251. Let g be k(-4). Let l(m) = -82*m + 8. Let v be l(7). Let s = v + g. List the prime factors of s.
3, 83
Suppose 2*v + a + 18678 = 45789, -27101 = -2*v - 3*a. List the prime factors of v.
2, 6779
Let a = 55548 + -10289. List the prime factors of a.
45259
Suppose 5*i = -55 + 60. What are the prime factors of 377/3 + i/3?
2, 3, 7
Suppose 0 = -4*t + 96 + 204. Let h = 184 - t. Suppose -5*q - 78 = -4*c + h, -c = 3*q - 51. What are the prime factors of c?
2, 3
Let g(a) = -2*a**3 + 2*a**2 - 2*a. Let n be g(-5). Suppose 145 = c - n. Suppose 2*f - c = -5*f. What are the prime factors of f?
5, 13
Let r(j) = -49*j**3 - 2*j**2 - 5*j - 4. Let s be r(-1). Suppose 6*l - s = 186. What are the prime factors of l?
3, 13
Let c(t) = -19*t**2 + 5*t - 1. Suppose a - 3 + 1 = 0. Let g be c(a). Let i = 69 - g. What are the prime factors of i?
2, 17
Let x(h) = -3*h + 3. Let r be x(-6). Let y be (-24)/(-1) - 12/6. List the prime factors of (r - 24)*y/(-3).
2, 11
What are the prime factors of (-2198521)/(-169) + (-3)/(6/(-8))?
7, 11, 13
Let i(g) = -2*g**2 + 183*g + 12435. What are the prime factors of i(0)?
3, 5, 829
Suppose -s - q + 3*q + 6 = 0, -5*q = 20. Let w(h) = -4 - 4*h + 0 - 5 + 0*h + 68*h**2. What are the prime factors of w(s)?
271
Let l(z) = 2*z + 24. Let o be l(-9). Suppose s + 8 = o. What are the prime factors of ((-34)/2)/(-1*s/(-20))?
2, 5, 17
Let q be ((-876)/10)/(18/(-60)). Let t = q - 230. List the prime factors of t.
2, 31
Let r(c) = 3*c**2 + 34*c - 1. Let a(w) = -w**3 + 8*w**2 - 4*w + 16. Let m = -68 - -76. Let y be a(m). List the prime factors of r(y).
223
Let p = 1042 - 3132. List the prime factors of 11/(-33) - p/6.
2, 3, 29
Let n(a) be the third derivative of -a**6/120 + 7*a**5/12 - 7*a**4/3 - 9*a**3/2 - 50*a**2. What are the prime factors of n(33)?
3, 101
Let u(s) = 3*s + 26. Let b(f) be the first derivative of -f**3/3 + 22*f + 20. Let g be b(-4). List the prime factors of u(g).
2, 11
Suppose v - 7 = -x, -2*x = x. Let z(y) = 15*y + 69. What are the prime factors of z(v)?
2, 3, 29
Let v = -79 - -84. Suppose -x = -v*o - 1378, -2*o + 3*x = x + 548. What are the prime factors of o/(-7)*(-49)/(-14)?
2, 3, 23
Let r be 18/14 + (-18)/63 - -5. Suppose -4*b = 5*g - 1710, -g - r*b + 321 = -b. What are the prime factors of g?
2, 173
Let h(s) be the third derivative of 0*s**4 + 7/30*s**5 + 0*s - 1/3*s**3 + 42*s**2 + 0. What are the prime factors of h(-3)?
2, 31
Let h = 1989 + 4372. List the prime factors of h.
6361
Let b = 6710 - 4764. What are the prime factors of b?
2, 7, 139
Suppose -101*b = -158*b + 114228. What are the prime factors of b?
2, 3, 167
Let m(w) = 5*w**2 + 164*w - 2812. What are the prime factors of m(50)?
2, 13, 43
Let q = 36 - 34. Let c(b) = 2*b**2 - 2*b + 8. Let v be c(q). Suppose -v*n + 14*n = 120. What are the prime factors of n?
2, 3, 5
Suppose -137*b - 21804 = -141*b. List the prime factors of b.
3, 23, 79
Let a(d) = d**2 - 35*d + 36. Let u be a(34). Suppose t = -3*k - 3*t + 320, 5*t = u*k - 198. List the prime factors of k.
2, 13
Let t(q) = 4*q**2 - 49*q + 50. Let w be t(12). Suppose 0 = -s + 317 - w. List the prime factors of s.
3, 31
Suppose 105 = 4*p + 89. Suppose 2*o = 4*u - 3*o - 2351, p*u = -2*o + 2330. Suppose -144 - u = -4*r. What are the prime factors of r?
2, 7, 13
Suppose 13*w + 26*w - 283320 = 21*w. List the prime factors of w.
2, 5, 787
Let z(h) be the third derivative of h**4/24 + 7*h**3/6 + 7*h**2. Let r be z(-2). Suppose -r*d = 3*p - 316, -d + 94 = 4*p - 333. What are the prime factors of p?
107
Let t = -15 + -22. Let f = 79 + t. Suppose 2*x = 48 + f. What are the prime factors of x?
3, 5
Suppose -19 = -4*f + 5*h, f + 3*f - 4*h = 16. Let p = 993 + -983. List the prime factors of p/4*(86 - (f - 1)).
5, 43
Let t be -7 + 6 + 1824 - -2. Suppose 2004 = 7*p - t. What are the prime factors of p?
547
Suppose 3*v + 5*m - 4736 = 0, 48*v + m - 7886 = 43*v. Suppose 7281 = 4*b + v. List the prime factors of b.
2, 23, 31
List the prime factors of (58161 - (-1 - 36/(-45))) + (-1)/5.
3, 19387
Let z(t) = -293*t + 9. Let s be z(-7). Suppose 17*y - 303 = s. What are the prime factors of y?
139
Suppose -13*g + 7*g + 23616 = 0. Suppose 38*a - g = 14*a. List the prime factors of a.
2, 41
Let j be (3 - 5 - 1) + (-3 - 206). Let u be (-8)/28 - ((-6516)/21 + 2). Let n = j + u. What are the prime factors of n?
2, 3
Let g(c) = -c**3 + 46*c**2 - 7*c + 68. List the prime factors of g(29).
2, 73, 97
Suppose h + 4*h = 125. Suppose -h*k + 6600 = -k. List the prime factors of k.
5, 11
Let b = 111 + -113. Let n(l) = -145*l - 27. List the prime factors of n(b).
263
Suppose -5*j - 5*u + 600 = 0, 561 = 3*j + 5*u + 207. What are the prime factors of j/(-205) + (-2996)/(-10)?
13, 23
Let v = -189 - -473. Let c(z) = -z**2 - 16*z - 13. Let q be c(-15). Suppose 0 = q*g - 2 - v. What are the prime factors of g?
11, 13
Suppose 59*h + 1008661 = 76*h. List the prime factors of h.
59333
Let j(p) = -2337*p - 310. List the prime factors of j(-10).
2, 5, 1153
Suppose -29*z - 530 = -24*z. Let c = -52 - z. Suppose -2*r + c = -218. List the prime factors of r.
2, 17
List the prime factors of (0 - (3 - -4)) + 8/(-5)*-15.
17
Suppose -3*x - 4*w = -7*w - 315, w = 3*x - 317. Suppose 0 = -4*l - x + 890. Let b = l - 90. List the prime factors of b.
2, 53
Let g(t) = -t**3 - 7*t**2 - 4*t + 16. Let l be g(-6). Let x(m) = 18*m**3 + m**2 + 12*m - 23. List the prime factors of x(l).
1193
What are the prime factors of ((-1319)/(-4))/(125/500)?
1319
Let m(t) = -t - 1. Let k(s) = 4. Let p(r) = -k(r) + m(r). Let h be p(-8). Suppose -37 = -h*q + 2*q. List the prime factors of q.
37
Suppose -112*l = -31*l - 2108742 - 620958. List the prime factors of l.
2, 5, 337
Let x = -4392 + 5756. List the prime factors of x.
2, 11, 31
Suppose 62*q - 212 = -26. Let t be (-6 + 0 + 0)/1. What are the prime factors of (((-40)/t)/1*q)/1?
2, 5
Let y be (16/(-24))/(2/9). Let t(b) = -63*b**3 - b**2 + 10*b + 1. List the prime factors of t(y).
1663
Let y(x) = 6*x - 37. Let s be y(8). What are the prime factors of 2/s - 13/(1001/(-23625))?
307
Suppose -4*v + 21 = 3*v. Let f = v + -19. Let w = f + 57. List the prime factors of w.
41
Let v be ((-36)/(-5) - -3) + (-2)/10. Suppose 27 = 3*m - 4*l, 0 - 6 = 2*l. Suppose -m*k = -25, -3*k + v = 3*g - 257. List the prime factors of g.
2, 3, 7
List the prime factors of ((-14)/49 + 21576/14)*1680/120.
2, 5393
Let m(r) = r**3 - 11*r**2 - 15*r - 19. Let q(o) = -o**3 - 7*o**2 + 6*o + 10. Let i be q(-5). Let u = -57 - i. What are the prime factors of m(u)?
2, 31
Suppose 0 = -4*c + 5*a + 9297, 0 = 2*a + 2 - 8. Let d = -1514 + c. List the prime factors of d.
2, 11, 37
Let z(t) = -t + 7. Let o be z(7). Suppose o = 6*g - g - 25. Suppose -1001 = -g*u - 2*u. List the prime factors of u.
11, 13
Suppose 0 = 7163*z - 7157*z - 31086. What are the prime factors of z?
3, 11, 157
Let k = -185 + 189. Suppose 1372 = k*o - 4*v, -o - 4*v = -2*o + 358. What are the prime factors of o?
2, 13
Suppose -s + 0*s + 24 = 3*j, 0 = -5*j - 3*s + 40. Suppose -j*v = -37*v + 12934. What are the prime factors of v?
2, 223
Let j = 2600 + -2595. Suppose v + 4*c = -v + 20, 15 = -3*v + 3*c. Suppose v = j*h - 3*o - 282, 2*h - 3*o = 7*h - 288. List the prime factors of h.
3, 19
What are the prime